{"id":16473,"date":"2021-12-01T06:06:20","date_gmt":"2021-12-01T11:06:20","guid":{"rendered":"https:\/\/plastky.com\/?post_type=product&#038;p=16473"},"modified":"2022-07-24T00:17:25","modified_gmt":"2022-07-24T05:17:25","slug":"plataforma-esolar-tech","status":"publish","type":"product","link":"https:\/\/plastky.com\/index.php\/product\/plataforma-esolar-tech\/","title":{"rendered":"Plataforma E-Solar Tech"},"content":{"rendered":"<p>Medidor en tiempo real de los consumos de energ\u00eda mediante portal web, smartphone o tablet, por un a\u00f1o de suscripci\u00f3n, (Incluye un monitor energ\u00e9tico para \u00e1rea o dispositivo))<\/p>\n","protected":false},"excerpt":{"rendered":"<p>Suscr\u00edbase a nuestro servicio y tendr\u00e1 acceso a todos es tos beneficios y mucho mas!<\/p>\n<ul>\n<li>Energ\u00eda en tiempo-real<\/li>\n<li>Historial de consumo<\/li>\n<li>Consumo promedio<\/li>\n<li>Alertas<\/li>\n<\/ul>\n","protected":false},"featured_media":16636,"comment_status":"open","ping_status":"closed","template":"","meta":{"inline_featured_image":false},"product_cat":[73],"product_tag":[],"class_list":{"0":"post-16473","1":"product","2":"type-product","3":"status-publish","4":"has-post-thumbnail","6":"product_cat-e-solar-tech","8":"first","9":"instock","10":"featured","11":"shipping-taxable","12":"purchasable","13":"product-type-simple"},"_links":{"self":[{"href":"https:\/\/plastky.com\/index.php\/wp-json\/wp\/v2\/product\/16473","targetHints":{"allow":["GET"]}}],"collection":[{"href":"https:\/\/plastky.com\/index.php\/wp-json\/wp\/v2\/product"}],"about":[{"href":"https:\/\/plastky.com\/index.php\/wp-json\/wp\/v2\/types\/product"}],"replies":[{"embeddable":true,"href":"https:\/\/plastky.com\/index.php\/wp-json\/wp\/v2\/comments?post=16473"}],"wp:featuredmedia":[{"embeddable":true,"href":"https:\/\/plastky.com\/index.php\/wp-json\/wp\/v2\/media\/16636"}],"wp:attachment":[{"href":"https:\/\/plastky.com\/index.php\/wp-json\/wp\/v2\/media?parent=16473"}],"wp:term":[{"taxonomy":"product_cat","embeddable":true,"href":"https:\/\/plastky.com\/index.php\/wp-json\/wp\/v2\/product_cat?post=16473"},{"taxonomy":"product_tag","embeddable":true,"href":"https:\/\/plastky.com\/index.php\/wp-json\/wp\/v2\/product_tag?post=16473"}],"curies":[{"name":"wp","href":"https:\/\/api.w.org\/{rel}","templated":true}]}}