{"id":16309,"date":"2021-12-01T01:51:27","date_gmt":"2021-12-01T06:51:27","guid":{"rendered":"https:\/\/plastky.com\/?page_id=16309"},"modified":"2024-10-23T15:08:59","modified_gmt":"2024-10-23T20:08:59","slug":"blog-2","status":"publish","type":"page","link":"https:\/\/plastky.com\/index.php\/blog-2\/","title":{"rendered":"Blog"},"content":{"rendered":"\t\t<div data-elementor-type=\"wp-page\" data-elementor-id=\"16309\" class=\"elementor elementor-16309\">\n\t\t\t\t\t\t<section class=\"elementor-section elementor-top-section elementor-element elementor-element-ca93426 elementor-section-boxed elementor-section-height-default elementor-section-height-default\" data-id=\"ca93426\" data-element_type=\"section\" data-e-type=\"section\">\n\t\t\t\t\t\t<div class=\"elementor-container elementor-column-gap-default\">\n\t\t\t\t\t<div class=\"elementor-column elementor-col-100 elementor-top-column elementor-element elementor-element-79a3388\" data-id=\"79a3388\" data-element_type=\"column\" data-e-type=\"column\">\n\t\t\t<div class=\"elementor-widget-wrap\">\n\t\t\t\t\t\t\t<\/div>\n\t\t<\/div>\n\t\t\t\t\t<\/div>\n\t\t<\/section>\n\t\t\t\t<\/div>\n\t\t","protected":false},"excerpt":{"rendered":"<p>Categor\u00edasEnerg\u00eda Solar Hola prueba Categor\u00edasSin categor\u00eda Slot Online Bet Kecil, Kemenangan Besar: Apakah Mungkin? Categor\u00edasSin categor\u00eda Kreativitas Siswa: Proyek Kurikulum Merdeka di SD Qurrata Ayun dan SDN 2 Cimenga Categor\u00edasSin categor\u00eda Kolaborasi Antara SMPN 6 Kotobalingka dan SMPN 5 Pagelaran dalam Implementasi Kurikulum Merdeka<\/p>\n","protected":false},"author":1,"featured_media":0,"parent":0,"menu_order":0,"comment_status":"closed","ping_status":"closed","template":"","meta":{"inline_featured_image":false,"footnotes":""},"class_list":["post-16309","page","type-page","status-publish","hentry"],"_links":{"self":[{"href":"https:\/\/plastky.com\/index.php\/wp-json\/wp\/v2\/pages\/16309","targetHints":{"allow":["GET"]}}],"collection":[{"href":"https:\/\/plastky.com\/index.php\/wp-json\/wp\/v2\/pages"}],"about":[{"href":"https:\/\/plastky.com\/index.php\/wp-json\/wp\/v2\/types\/page"}],"author":[{"embeddable":true,"href":"https:\/\/plastky.com\/index.php\/wp-json\/wp\/v2\/users\/1"}],"replies":[{"embeddable":true,"href":"https:\/\/plastky.com\/index.php\/wp-json\/wp\/v2\/comments?post=16309"}],"version-history":[{"count":14,"href":"https:\/\/plastky.com\/index.php\/wp-json\/wp\/v2\/pages\/16309\/revisions"}],"predecessor-version":[{"id":18687,"href":"https:\/\/plastky.com\/index.php\/wp-json\/wp\/v2\/pages\/16309\/revisions\/18687"}],"wp:attachment":[{"href":"https:\/\/plastky.com\/index.php\/wp-json\/wp\/v2\/media?parent=16309"}],"curies":[{"name":"wp","href":"https:\/\/api.w.org\/{rel}","templated":true}]}}